
Let k(u) = 5*u - 1. Calculate the remainder when -4 + ((-3)/(-6) - 194/(-4)) is divided by k(5).
21
Let y(t) = -t**2 - 13*t + 9. What is the remainder when 44 is divided by y(-13)?
8
Suppose -l = 4*l - g + 72, 5*g = -3*l - 32. Let n = l - -32. What is the remainder when 35 is divided by n?
17
Suppose 451 + 425 = -3*d. What is the remainder when d/(-10) + 2/(-10) is divided by 11?
7
Let r = 18 - 7. What is the remainder when 30 is divided by r?
8
Let i(r) = r**2 - 10*r - 6. Let u be i(10). Let j(h) = -2*h - 4. Calculate the remainder when j(-11) is divided by (-2)/6 - 62/u.
8
Let t(j) = 4*j + 2. Let h(l) = l**2 - 7*l - 4. Let w(a) = 3*h(a) + 5*t(a). What is the remainder when 22 is divided by w(2)?
6
Let w(x) = x + 11. Calculate the remainder when 51 is divided by w(7).
15
Suppose -34 = 2*u + 4*k, -3*u = -4*u - k - 12. Let v(l) = l + 6. Let s be v(u). What is the remainder when 13 is divided by s/(-2) - 7/(-2)?
1
Let g = 33 - 18. Calculate the remainder when g is divided by 4.
3
Let i = 119 + -58. Let j = 73 - 57. Calculate the remainder when i is divided by j.
13
Let g = -61 - -73. What is the remainder when 45 is divided by g?
9
Suppose -6 = -7*m + 4*m. Calculate the remainder when m/(-10) - 336/(-5) is divided by 17.
16
Calculate the remainder when 50 is divided by (-20)/(-1) - -6*1/(-3).
14
Let b = 22 - 13. What is the remainder when 25 - 2 - (3 - 5) is divided by b?
7
Let b = -36 - -67. Calculate the remainder when 59 is divided by b.
28
Suppose 63*n = 62*n + 45. What is the remainder when 131 is divided by n?
41
Let z(l) = l**2 + 3*l - 6. Let v = 6 + -13. What is the remainder when 65 is divided by z(v)?
21
Let t(v) = v**2 - 8*v + 15. Let f be t(5). Let w be (1 - 2) + 6/1. Suppose f = w*h - h + 4*j - 72, -5*j = -10. Calculate the remainder when h is divided by 6.
4
Let o(l) = l**2 - 4. Let z be o(-3). Suppose -4*w - p = -6*p + 44, z*p + 22 = -2*w. Let v = 31 + w. What is the remainder when v is divided by 7?
6
Suppose 0 = -2*j - 0*j + 6. Calculate the remainder when j is divided by 1.
0
Suppose l + 3*l - 16 = 0. Let y(a) = a + 13. Let p be y(-9). Suppose -6 = p*j - 18. What is the remainder when l is divided by j?
1
Suppose 4*j - 87 = 3*g - 8*g, -3*j = g - 68. What is the remainder when 89 is divided by j?
20
Let r(m) = m**2 - 8*m + 1. Let w be r(8). Let j = w - -4. Suppose 3*x = -3*s + 8*x + 41, -j*s + 2*x + 62 = 0. Calculate the remainder when 34 is divided by s.
10
Let s = -24 + 36. Let g = s - 2. What is the remainder when ((-14)/(-5))/(4/g) is divided by 4?
3
What is the remainder when (-186)/(-26) - 4/26 is divided by 3?
1
Let w(b) = 32*b - 1. Suppose 3 = d + 2*d. Suppose 5*p - 2 - 38 = 0. Calculate the remainder when w(d) is divided by p.
7
Let t(l) = l**2 - 8*l + 23. Calculate the remainder when 47 is divided by t(5).
7
Let x = 27 - 4. Suppose -a - 2 = -8. Calculate the remainder when x is divided by a.
5
Let s be (-2)/(-6) - 58/(-6). Suppose 0*x - s = -x. What is the remainder when 39 is divided by x?
9
What is the remainder when 67 is divided by -4*(-7)/2 + 0/(-32)?
11
Suppose -d - 3 = -p, -6 = -3*p + 2*d + 4. What is the remainder when 6 is divided by p?
2
Let d(h) = -20*h - 2. What is the remainder when 53 is divided by d(-1)?
17
Suppose -1 = j - 4. Suppose -4*u + 2 = -3*u. Suppose 3*w + u*w = 40. What is the remainder when w is divided by j?
2
Let c = 65 - -11. What is the remainder when c is divided by 26?
24
Suppose 0 = 5*j + d + 3*d - 124, 3*j - 73 = -d. Calculate the remainder when 95 is divided by j.
23
Let l(u) = u**2 + 4*u - 3. Let o = 57 + -22. What is the remainder when o is divided by l(-6)?
8
Suppose -9 = -s + 1. What is the remainder when (-860)/(-30) + 2/(-3) is divided by s?
8
Suppose -4 - 2 = 2*a + 2*u, 2*a = -u - 6. Let m = -2 - a. Suppose m = -k + 5. Calculate the remainder when k is divided by 3.
1
Suppose 0 = 3*t - r + 5, 10*t - 5*t + 2*r + 1 = 0. Let u(b) = 6*b - 7. What is the remainder when u(5) is divided by 3/t*(-48)/18?
7
Suppose l - 3*q = -2*l + 12, -2*l - 2*q + 24 = 0. Let y be (3 + -8)*4/10. What is the remainder when y/((-5)/(225/6)) is divided by l?
7
Suppose 2*b - a + 4*a - 46 = 0, -2*b + 50 = a. Let u = -8 - 17. Let g = -11 - u. What is the remainder when b is divided by g?
12
Let t = -44 + 72. Suppose -4 = -2*m - t. What is the remainder when 2*(-3)/(m/26) is divided by 5?
3
Let r = -117 + 228. What is the remainder when r is divided by 29?
24
Suppose 2*m = 4*a + 48, m - 4*a = 16 + 16. What is the remainder when 43 is divided by m?
11
Suppose 0 = -s + c + 2, 5*c + 0 + 10 = 3*s. Let i = s + 1. Let y = 7 + -5. Calculate the remainder when y is divided by i.
0
Let n = -5 + 3. Let i be n/(-7) + (-131)/(-7). Suppose 0 = 2*z + i - 49. What is the remainder when 43 is divided by z?
13
Let b(t) = 5*t**2 + 6*t + 10. Calculate the remainder when b(-5) is divided by 36.
33
Let l(c) = c**3 + 12*c**2 - 14*c - 9. Let n(a) = 2*a**2 - 3*a + 2. What is the remainder when n(3) is divided by l(-13)?
3
Suppose -3*m - 17 = -l, -4*l + m = 4*m + 7. Let o(k) = -l + 1 - 3 + 4*k. What is the remainder when o(5) is divided by 6?
4
Let l = 51 + -31. Suppose 4 - 8 = -o + m, -2*o - 4 = 4*m. Suppose o*t = 12 + 10. What is the remainder when l is divided by t?
9
Let x(c) = -c**3 + 2*c**2 + 5*c - 3. What is the remainder when x(3) is divided by (2 + 0)/(4/2)?
0
Suppose -92 + 29 = -3*n. What is the remainder when n is divided by 8?
5
Suppose -4*w = -2*z - 12, -4*w + 36 + 0 = -5*z. Let a = 41 - z. What is the remainder when a is divided by 26?
23
Suppose 0 = 44*s - 47*s + 39. What is the remainder when 38 is divided by s?
12
Let k = -50 + 68. What is the remainder when 87 is divided by k?
15
Let m = 5 - 8. Let v = m + 4. Suppose -u + 3*t - 11 = 3*u, u + 5*t - 26 = 0. What is the remainder when v is divided by u?
0
Suppose q = -2*q + 24. Let w(y) = y**3 - 6*y**2 + y - 3. Calculate the remainder when q is divided by w(6).
2
Let q be 51/15 + 8/(-20). Suppose -3*d = 4*j - 89, 0 = d + q*d + 4. Calculate the remainder when 45 is divided by j.
22
Let p = 50 - 29. What is the remainder when p is divided by 8?
5
Let m(l) = 2*l**3 - l**2 + 1. Suppose -4*a + 114 = -5*s + 449, 3*s - a = 194. What is the remainder when s is divided by m(2)?
11
Suppose 13*r - 80 = 570. What is the remainder when r is divided by 26?
24
Suppose 5*q - 181 = -h, 0 = q + 3*h - h - 29. Let l = 79 + -121. What is the remainder when q is divided by (-2)/(4/l) + -2?
18
Suppose 4*t + w - 42 = -t, 10 = 5*w. Suppose 0 = 4*d - t - 4. Suppose 0 = -4*m + 4*x + 8, -6*x = -2*x. Calculate the remainder when d is divided by m.
1
Let j = -6 - -8. Let m(y) = -3 + 2*y**j + 3*y**2 - 4*y**2 + 1. Calculate the remainder when 27 is divided by m(4).
13
Let t = 9 - 3. Let q(u) = 3*u**2 - 2*u - 1. Calculate the remainder when (-96)/(-9) + 2/t is divided by q(-1).
3
Suppose -q + b - 4 = 0, -12 = 3*q + 2*q - b. Let o = q + 1. What is the remainder when o*(-35 + (-2 - -2)) is divided by 12?
11
Let s(c) = -11*c - 63. What is the remainder when s(-16) is divided by 13?
9
Suppose -2*m + 3*o = -65, -4*m - 4*o + 0*o = -80. Calculate the remainder when m is divided by 16 + (-8)/(-4)*-1.
11
Suppose 1167 = 4*r - 13. Calculate the remainder when 58 is divided by 2/4 - r/(-10).
28
Let r(z) = -z**2 - 19*z - 21. What is the remainder when r(-15) is divided by 13?
0
Let j(o) = 3*o**3 + o**2 - 3*o + 2. What is the remainder when j(3) is divided by 14?
13
Suppose -d + r = -4*r - 10, -27 = -5*d + 2*r. Suppose 0 = d*s - 22 - 3. Calculate the remainder when ((-14)/6)/((-5)/30) is divided by s.
4
Suppose 113 + 608 = 7*s. What is the remainder when s is divided by 35?
33
Let b = 24 + -13. Calculate the remainder when ((-2)/(2/(-43)))/(-13 + 14) is divided by b.
10
Suppose 0*z = -5*z - 5. Let y be z - (-110 + 2 + -1). Let c = y - 59. Calculate the remainder when c is divided by 13.
10
Suppose 4*w + 8 - 20 = 0. Suppose w = k - 0*k. Suppose -4*z = -5*s - 38, 0 = 3*z + 2*s - 14 - k. What is the remainder when 13 is divided by z?
6
Let k = -7 + 13. Suppose -2*f = -88 - k. Calculate the remainder when f is divided by 16.
15
What is the remainder when 14 is divided by (-6)/(24/(-20)) - -3?
6
Let b(a) = -15*a**3 + 3*a + 1. Let l be b(-2). Suppose 5*k - l = -0*k. Calculate the remainder when k is divided by 12.
